 divided by 7 - h/15*-5?
2
Let f = -291 + 307. Calculate the remainder when 61 is divided by f.
13
Suppose 69 = 4*x - 183. Let g(n) = n**3 + 5*n**2 - 3*n + 2. Let q be g(-6). Let t(b) = b + 32. Calculate the remainder when x is divided by t(q).
15
Let i(w) = -w**3 - 3*w**2 - 2*w + 57. What is the remainder when 567 is divided by i(0)?
54
Suppose -105*o = -97*o - 192. Calculate the remainder when 46 is divided by o.
22
Suppose -q - 2*f + 21 = -16, -2*f + 136 = 4*q. Let p(a) = 31*a + 3. Let o = -2 - -5. Calculate the remainder when p(o) is divided by q.
30
Suppose 36*z = 65*z - 12557. Calculate the remainder when z is divided by 88.
81
Suppose -2*h + 54 = 2*w, 302*w - 3*h = 299*w + 57. Let l(x) = -x + 41. Calculate the remainder when l(0) is divided by w.
18
Suppose 3*a - 10 - 142 = -2*f, 0 = -3*a + 2*f + 160. Suppose a = o + w, -5*w - 67 = 4*o - 278. Calculate the remainder when o is divided by 18.
13
Suppose 2*k - 11 - 11 = 0. Let q(h) = -h + 11. Let m be q(k). Suppose 4*x + 20 = 0, 0 = v - m*v - 4*x - 24. What is the remainder when 6 is divided by v?
2
Suppose 2317 = 41*b - 34*b. Calculate the remainder when b is divided by 9.
7
Let y = -962 + 997. What is the remainder when 223 is divided by y?
13
Let n = -3 - -6. Calculate the remainder when 8 is divided by (-2 - (-2 + n)) + 6.
2
Suppose 16*g - 12*g - 332 = -4*j, 0 = -5*j - 4*g + 417. What is the remainder when j is divided by 42?
1
Let m(l) = -l + 16. Calculate the remainder when ((-39)/9)/((-3)/18) is divided by m(11).
1
Suppose 146 - 2 = 8*c. Calculate the remainder when c is divided by 2.
0
Let n = 54 - -10. Suppose n = 4*j - b - 3*b, 0 = -3*b. What is the remainder when 45 is divided by j?
13
Suppose 2*g + 2681 = 3*n, 5*n - 6*g = -3*g + 4469. Suppose -8*u + 3*u + n = 0. Calculate the remainder when u is divided by 36.
35
Let u(c) = 2*c + 9. Suppose -2*f + 87 = 3*x, 6*f - 3*x = 3*f + 123. Suppose n - f = -4*l, -87 + 235 = 3*n + l. What is the remainder when n is divided by u(4)?
16
Suppose -5*f - 2*h = 685, h + 121 + 152 = -2*f. Let u = f - -211. What is the remainder when u is divided by 25?
22
Suppose 0 = -5*w + 5*a + 80, a = 4*a - 3. Calculate the remainder when w is divided by 4.
1
Suppose -24*t + 21*t + 8381 = -4*a, -a = -4*t + 11153. What is the remainder when t is divided by 93?
90
Let f be (8/3 + -3)*-9. Let d be f + 0/(-2) + 0. Suppose -d*l - 2*l + 315 = 0. Calculate the remainder when l is divided by 17.
12
Suppose 4*y - m = 100, -y - 5*m + 2 = -44. Suppose -c + 5*g + 17 = 0, 2*g = 2*c + 2 - 20. Calculate the remainder when y is divided by c.
5
Suppose c = -b + 15, -2*c - 2*c + 59 = 5*b. Suppose -g = -5*g - c. Let k(a) = -5*a + 3. Calculate the remainder when k(g) is divided by 8.
7
Suppose 54*v + 24 = 55*v. Calculate the remainder when 47 is divided by v.
23
Suppose -82*v = -112*v + 13860. What is the remainder when v is divided by 116?
114
Let d be (-148)/24 - 3/(-18). Let r(y) = y + 1. Let h(t) = 8*t + 3. Let f(v) = d*r(v) + h(v). What is the remainder when f(7) is divided by 7?
4
Let n be (-100)/(-45) - 8/36. Suppose 0 = n*x - 39 - 49. What is the remainder when x is divided by 15?
14
Suppose 3*d - 18 = -5*a, -2*d + 2*a = a - 12. Calculate the remainder when 29 is divided by d.
5
Let p(o) = 48*o - 94. Calculate the remainder when 97 is divided by p(3).
47
Let y(f) = f**3 - 5*f**2 - 4*f + 4. Let p = 92 - 53. Suppose -14 = -m - 4*h, 1 - p = -5*m - 4*h. Calculate the remainder when 27 is divided by y(m).
11
Suppose -42 + 144 = f. Calculate the remainder when 812 is divided by f.
98
Suppose 2*y = 4*y - 4*k, y + 3*k = 20. Suppose 3*a = 65 - y. Let m = -86 + 140. What is the remainder when m is divided by a?
16
Let o = -161 - -169. What is the remainder when 14 is divided by o?
6
Let d(z) = 12*z**2 + z - 2. What is the remainder when 80 is divided by d(-2)?
36
Let q(w) = -17*w - 11. Let c be q(-8). Suppose 6*m - m = c. What is the remainder when 97 is divided by m?
22
Suppose 0 = -4*r + 1643 + 349. Suppose -16*d - r = -19*d. Calculate the remainder when d is divided by 12.
10
Let t(h) = h**2 + 8*h + 8. Let y be t(-6). Let v(w) = -3*w**2 + 2*w - 4. Let u be v(y). Let o = -39 - u. Calculate the remainder when 60 is divided by o.
18
Let x = -801 + 861. Calculate the remainder when 223 is divided by x.
43
Suppose 192 = -404*u + 406*u. What is the remainder when 381 is divided by u?
93
Suppose -b = -15 - 7. Let n = 209 + -130. What is the remainder when n is divided by b?
13
Let c(o) = o - 1. Let m be -1 + (1 - 4) - 16. What is the remainder when -6*(m/5 - 4) is divided by c(14)?
9
Let k(u) = 95*u + 132. What is the remainder when 569 is divided by k(-1)?
14
Let j be 2 + 2/18 + 104/36. Let h be 1/1 - (1 + -1). Calculate the remainder when 56 is divided by h/j + 94/5.
18
Suppose 5*y - 15 = -k, -4*k - 5*y + y + 60 = 0. What is the remainder when 71 is divided by k?
11
Let i = 460 - 182. What is the remainder when i is divided by 70?
68
Let w(g) = -7 + g - 3*g**2 - g**3 + 3*g**2 + 20. Let b(n) = n**2 + 5*n. Let j be b(-5). Calculate the remainder when 25 is divided by w(j).
12
Let m(t) = 81*t - 374. Calculate the remainder when 117 is divided by m(6).
5
Let f = 52 - 44. Calculate the remainder when 79 + -3 + f + -1 is divided by 28.
27
What is the remainder when 71 is divided by 19550/544 + 2/32?
35
Suppose 3*q + 2*l = 42, -14*q = -19*q + 4*l + 70. What is the remainder when 36 is divided by q?
8
Let c = 342 - 142. Suppose -3*q + 60 = d, 1355*q + 207 = 4*d + 1356*q. Calculate the remainder when c is divided by d.
47
Let b(v) = -v**3 + 10*v**2 + 28*v - 39. What is the remainder when 17 is divided by b(12)?
8
Suppose -1070 - 205 = 5*b. Let k = -43 - b. Calculate the remainder when 29 is divided by 6/15 + k/20.
7
Let k = 97 - 59. Let r(m) = -7*m**2 - 10. Let o(p) = p**2 - p + 1. Let n(s) = -6*o(s) - r(s). Calculate the remainder when k is divided by n(-8).
18
Let s = 113 - -2. What is the remainder when s is divided by 33?
16
Let s(y) = y + 6. Let z be s(-6). Let h(c) = c + 7. Let a be h(-5). Suppose z = -3*p + 20 - a. What is the remainder when 9 is divided by p?
3
What is the remainder when 54 is divided by 29/(1 + 6 + -6)?
25
Let q be -1 + (4 - (-14)/(-2)). Let b = q - -41. Suppose 3*y - 6*t - b = -4*t, y + 2*t - 23 = 0. Calculate the remainder when y is divided by 5.
0
Let h = 16 + 35. Let j = 93 - h. What is the remainder when 36 is divided by 82/6 + (-28)/j?
10
Let y(h) = 3*h + 5. What is the remainder when (268/16)/((-1)/(-4)) is divided by y(4)?
16
Let r = 2526 + -2410. Calculate the remainder when r is divided by 30.
26
Suppose 3*l = 2 + 262. Let o = l + -82. Calculate the remainder when 27 is divided by o.
3
Suppose -3*i - 5 = -38. Calculate the remainder when 370 is divided by i.
7
Suppose 4*u - 15*a + 12*a = 1862, -5*a + 1878 = 4*u. Calculate the remainder when u is divided by 47.
44
Let d(j) = -2*j**2 - 25*j - 7. Calculate the remainder when 75 is divided by d(-11).
23
Let y be ((-28)/8 - -4)*12. Suppose 3*c - d = -y*d + 35, -d = 2*c - 28. What is the remainder when 42 is divided by c?
12
What is the remainder when 2814/28 - (-9)/(-2) is divided by 52?
44
Let f = -50 - -60. Suppose f*z = 6*z + 364. What is the remainder when z is divided by 23?
22
Suppose 434 = 28*c - 14*c. What is the remainder when 365 is divided by c?
24
Let n(w) = 42*w + 1. Let p(x) = x**3 - 16*x - 14. What is the remainder when n(1) is divided by p(-2)?
3
Let j(i) = -i**3 - 5*i**2 + 4*i - 1. What is the remainder when j(-6) is divided by 1 + 1 + 6/2?
1
Suppose 8*y = -4*c + 5*y + 4, 4*c + 4 = -5*y. Let n = 14 + -8. What is the remainder when n is divided by c?
2
Suppose 303 = 3*z - 2*y, -2*y + 309 = 3*z - 6*y. Suppose 0*i = 4*i - 192. Let j = 82 - i. Calculate the remainder when z is divided by j.
31
Let g be (-5)/5*(0 + 2). Let m = g - -14. Suppose 0 = -4*f - 0 + m. Calculate the remainder when f is divided by 1.
0
Let j = -5 - -6. Suppose 0 = -2*y + j + 3. What is the remainder when 3/(-2) - (-182)/28 is divided by y?
1
Suppose -178 = -4*f + 18. Let g = 4 - -9. What is the remainder when f is divided by g?
10
Let p = 33 - -102. What is the remainder when p is divided by 17?
16
Suppose -c - 90 = z - 3*z, -111 = c + 5*z. Let s = -10 - c. Let u = -1 + 23. Calculate the remainder when s is divided by u.